?
-21
Let m(n) = 2*n**3 - 3*n**2 - 7*n - 11. What is m(-2)?
-25
Let s(m) = 3*m**2 - 20*m - 115. What is s(11)?
28
Let c(t) = 2*t**2 + 37*t + 86. Determine c(-17).
35
Let b(j) = j**3 + j**2 - 24*j + 10. Give b(-6).
-26
Let w(n) = -9*n + 164. Calculate w(21).
-25
Let g(z) = 45*z**2 - 141*z - 1. Determine g(3).
-19
Let r(n) = -3*n**3 + 17*n**2 + 89*n + 11. What is r(-4)?
119
Let f(h) = -2*h**3 - 12*h**2 - 23*h - 49. Calculate f(-5).
16
Let h(n) = n**3 - 26*n**2 - 8*n - 519. Determine h(27).
-6
Let h(d) = -17*d - 751. Determine h(-35).
-156
Let y(z) = 8*z**2 - 139*z - 290. What is y(-2)?
20
Let h(q) = 4*q**2 + 40*q + 201. What is h(-10)?
201
Let g(y) = y**2 - 10*y + 39. What is g(6)?
15
Let l(m) = -8*m**2 - 105*m + 34. Calculate l(-13).
47
Let b(s) = s**3 + 38*s**2 + 44*s + 273. Give b(-37).
14
Let q(u) = 5*u**2 + 3*u + 16. What is q(0)?
16
Let p(u) = 3*u**2 - 89*u + 519. Calculate p(8).
-1
Let j(y) = 646*y**2 + 3869*y - 35. Give j(-6).
7
Let y(h) = -10*h**2 - 106*h - 37. Give y(-10).
23
Let d(k) = -8465*k + 76183. Give d(9).
-2
Let f(m) = 185*m**3 - 1477*m**2 - 21*m - 8. Determine f(8).
16
Let c(k) = -k**3 - 13*k**2 + 26*k + 3. What is c(-15)?
63
Let u(n) = -n**3 - 12*n**2 + 23*n - 70. What is u(-14)?
0
Let i(r) = -24*r**2 - 116*r + 24. Give i(-5).
4
Let o(f) = f**2 - 38*f - 795. Determine o(-15).
0
Let t(n) = n**3 + 9*n**2 - 42*n - 386. What is t(-7)?
6
Let b(h) = h**3 + 11*h**2 - 68*h - 677. Calculate b(-12).
-5
Let t(p) = 2*p**3 + 25*p**2 + 31*p - 7. Calculate t(-11).
15
Let u(q) = 17*q**3 + 23*q**2 + 30*q. Determine u(-2).
-104
Let y(z) = -2*z**2 + 223*z + 1664. What is y(-7)?
5
Let n(i) = 2*i**3 - 142*i**2 + 140*i + 5. What is n(70)?
5
Let q(z) = -94*z + 3478. Determine q(37).
0
Let l(n) = -n**3 - 10*n**2 + 63*n + 647. Determine l(-9).
-1
Let v(r) = r**3 - 19*r**2 + 68*r + 15. Determine v(14).
-13
Let n(d) = 634*d + 48. Calculate n(0).
48
Let l(s) = -34*s - 2021. Determine l(-67).
257
Let p(d) = -107*d - 1769. What is p(-16)?
-57
Let j(v) = -v**2 + 7*v - 40. Determine j(6).
-34
Let h(o) = -o**2 - 125*o - 243. What is h(-2)?
3
Let q(a) = a**3 + 18*a**2 - 39*a + 30. Calculate q(-20).
10
Let x(a) = -a**3 + 317*a**2 - 3089*a + 191. Give x(10).
1
Let z(f) = -12*f**2 - 14*f + 38. Give z(3).
-112
Let k(a) = 14*a + 475. Determine k(-21).
181
Let j(h) = -112*h + 4726. Give j(42).
22
Let p(n) = -n**3 - 2*n**2 - 18*n + 2. Determine p(-5).
167
Let d(m) = -38*m - 831. What is d(-22)?
5
Let p(s) = -s**3 - 37*s**2 - 107*s - 28. Calculate p(-34).
142
Let u(b) = b - 45. What is u(-21)?
-66
Let a(b) = -2*b**3 + 60*b**2 + 62*b + 45. Calculate a(31).
45
Let m(u) = -74*u**2 - 76*u + 154. Calculate m(2).
-294
Let m(g) = 8*g + 171. Calculate m(-23).
-13
Let w(s) = -72*s**2 - 13*s - 5. Give w(1).
-90
Let z(r) = -7*r**3 + 44*r**2 - 12*r + 1. Give z(6).
1
Let h(j) = j**3 + 5*j**2 + 78*j - 308. Calculate h(3).
-2
Let x(k) = -3*k**2 - 30*k - 107. Determine x(-7).
-44
Let h(t) = -170*t + 7170. Determine h(42).
30
Let a(d) = -d**3 - 35*d**2 + 46*d + 354. What is a(-36)?
-6
Let b(w) = 10083*w + 5. Determine b(0).
5
Let i(u) = -u**3 - 3*u - 47. What is i(-5)?
93
Let i(y) = -24*y**2 - 11*y - 34. Give i(-3).
-217
Let t(x) = x**3 - 2*x**2 - 16*x - 12. Calculate t(-5).
-107
Let g(s) = -s**3 + 158*s**2 - 612*s + 22790. Give g(155).
5
Let d(x) = 134*x**3 - 3*x - 2. What is d(-1)?
-133
Let s(o) = o**2 + 8*o - 20. Determine s(-12).
28
Let x(b) = -b**2 - 6*b + 4. Give x(6).
-68
Let u(x) = 2*x**2 - 4633*x + 27765. What is u(6)?
39
Let i(b) = b**2 - 202*b + 8358. Calculate i(143).
-79
Let u(c) = -42*c - 302. Calculate u(-7).
-8
Let m(n) = 122*n - 20495. Calculate m(168).
1
Let z(u) = -2*u**2 + 51*u - 291. What is z(10)?
19
Let r(p) = -33*p - 22. Give r(-4).
110
Let p(z) = -z**2 - 333*z - 7158. Calculate p(-23).
-28
Let p(q) = -q**3 + 43*q**2 - 406*q - 25. What is p(29)?
-25
Let v(p) = 5*p**3 - 23*p**2 + 35*p - 115. Determine v(4).
-23
Let o(h) = 2*h**3 + 15*h**2 + 7*h + 45. What is o(-8)?
-75
Let c(s) = -s**3 + 25*s**2 + 3*s + 180. Determine c(26).
-418
Let i(z) = 27*z**3 + 485*z**2 - 26*z - 147. Give i(-18).
-3
Let m(v) = v**2 - 37*v - 196. Give m(42).
14
Let i(m) = -m**3 + 35*m**2 + 295*m - 5. Determine i(-7).
-12
Let p(w) = 9*w + 36. Calculate p(-3).
9
Let h(c) = 7*c**3 + 365*c**2 + 97*c + 2339. Calculate h(-52).
-1
Let z(k) = k**2 + 3524*k + 101356. Determine z(-29).
1
Let d(k) = k**2 - 728*k + 1458. Give d(2).
6
Let k(s) = s**3 + 7*s**2 + 9*s + 22. Determine k(-6).
4
Let h(z) = z**3 + 39*z**2 + 65*z + 1068. What is h(-38)?
42
Let m(l) = 2*l**3 + 114*l**2 + 115*l + 280. Calculate m(-56).
112
Let g(u) = -u**3 - 3*u**2 - 3*u - 96. Give g(-7).
121
Let h(r) = -33*r - 313. Determine h(-9).
-16
Let s(v) = -v**3 + 7*v**2 - 16*v + 35. Calculate s(4).
19
Let j(z) = -6*z**2 + 106*z - 260. What is j(15)?
-20
Let m(v) = v**3 + 20*v**2 - 73*v + 37. Determine m(-23).
129
Let o(d) = -d**3 - 5*d**2 + 194*d + 96. Determine o(13).
-424
Let p(o) = -113*o + 133. What is p(1)?
20
Let n(c) = 3*c**2 - 149*c + 1837. Calculate n(24).
-11
Let x(v) = -9*v**3 + 14*v**2 - 30*v + 12. Give x(1).
-13
Let l(o) = -2*o**3 - 119*o**2 - 196*o - 1290. Calculate l(-58).
-14
Let y(l) = -l**2 + 25*l - 27. What is y(15)?
123
Let p(w) = -w**2 - 42*w + 454. What is p(-51)?
-5
Let b(u) = -u**3 + 6*u**2 - 22*u + 7. Calculate b(4).
-49
Let g(u) = 4*u**3 - 6*u**2 - 3*u - 2. Calculate g(3).
43
Let t(r) = -59*r - 1062. Determine t(-18).
0
Let s(w) = -w**3 + 6*w**2 - 3*w - 8. What is s(6)?
-26
Let l(p) = -p**2 - 6760*p - 6758. What is l(-1)?
1
Let r(k) = -8*k**3 + 16*k**2 + 24*k + 14. Give r(6).
-994
Let g(t) = 6*t**2 + 42*t + 22. Determine g(-6).
-14
Let s(i) = -i**3 - 87*i**2 - 633*i - 50. Determine s(-79).
29
Let b(r) = -r**2 - 18*r + 2. Calculate b(-5).
67
Let t(g) = -89*g**2 - 11571*g - 136. What is t(-130)?
-6
Let d(x) = 16*x**2 + 58*x + 1. What is d(1)?
75
Let c(y) = 47*y - 430. What is c(12)?
134
Let n(o) = -2*o**3 + 5*o**2 - 5*o + 16. Give n(3).
-8
Let g(x) = 2253*x - 22518. What is g(10)?
12
Let p(i) = i**2 + 94*i + 1236. Calculate p(-16).
-12
Let u(v) = -3*v**2 + 21*v - 114. Calculate u(4).
-78
Let x(m) = -136*m**2 - 126*m - 254. Determine x(-2).
-546
Let z(g) = -g**2 + 20*g + 66. What is z(25)?
-59
Let b(o) = -o**3 + 16*o**2 + 16*o - 170. Determine b(3).
-5
Let x(l) = 34*l**2 + l + 6. What is x(2)?
144
Let g(o) = o**2 + 10*o + 26. What is g(-7)?
5
Let w(f) = f**3 - 6*f**2 + 8*f - 5. Calculate w(1).
-2
Let q(h) = 12*h**3 + h**2 - 11*h + 14. Determine q(1).
16
Let d(x) = -2*x**2 + 100*x + 181. Give d(51).
79
Let q(r) = -2*r**2 - 108*r + 1048. Give q(-63).
-86
Let f(t) = 4*t**2 - 67*t + 18. Determine f(15).
-87
Let r(t) = -t**3 + 11*t**2 + 21*t - 190. Calculate r(13).
-255
Let u(n) = 10*n + 1885. What is u(-187)?
15
Let k(n) = -7*n**2 + 13*n - 161. Give k(7).
-413
Let b(o) = 2*o**3 - 36*o**2 - 3*o - 1. Calculate b(18).
-55
Let k(b) = -5*b + 136. Give k(31).
-19
Let o(p) = p**2 + 7*p + 150. Calculate o(13).
410
Let o(i) = -i**2 - 30*i - 16. Give o(-24).
128
Let s(l) = 3*l**2 + 75*l - 69. Give s(-26).
9
Let k(s) = s**3 - 74*s**2 - 230*s - 82. Give k(77).
-5
Let z(x) = 3*x**2 - 28*x + 9. Give z(6).
-51
Let v(c) = 60*c + 1031. Determine v(-19).
-109
Let r(x) = -x**2 - 13*x - 64. What is r(-4)?
-28
Let b(o) = 388*o - 4221. What is b(11)?
47
Let r(i) = i**3 + i**2 - i + 15. Give r(-5).
-80
Let a(h) = -562*h - 3366. Determine a(-6).
6
Let y(s) = -s**3 - 7*s**2 + 6*s + 28. What is y(0)?
28
Let u(x) = 192*x - 3302. Calculate u(17).
-38
Let t(w) = -w**3 + 2*w**2 + 17*w - 9. Determine t(4).
27
Let s(o) = 13*o + 343. Calculate s(-4).
291
Let u(y) = 247*y + 4157. Give u(-17).
-42
Let s(v) = v**3 - 32*v**2 + 34*v - 12. What is s(31)?
81
Let f(u) = 2*u**2 + 4*u + 35. Give f(-6).
83
Let t(g) = 2*g**2 - 48*g - 304. Calculate t(29).
-14
Let f(b) = -17*b + 84. Calculate f(3).
33
Let h(l) = -l**3 + 18*l**2 + 24*l - 56. Determine h(19).
39
Let v(n) = -18*n - 97. Determine v(-4).
-25
Let m(u) = u**2 + 781*u + 13741. Calculate m(-18).
7
Let y(t) = 166*t - 1313. What is y(8)?
15
Let z(t) = -11758*t - 58792. Determine z(-5).
-2
Let d(l) = 6*l**2 - 39*l + 63. Calculate d(18).
1305
Let d(i) = 12*i**2 - 319*i + 21. What is d(25)?
-454
Let k(i) = -i**3 + 6*i**2 - 50*i + 392. What is k(7)?
-7
Let u(j) = -j**3 - 11*j**2 - 4. Calculate u(-10).
-10